**4/4 - 2*y**3/3 + 5*y**2/2 + 2*y. Calculate d(o).
5
Let k(l) = l**3 + 13*l**2 + 14*l + 18. Let h be k(-12). Let w(a) = -4*a - 26. Give w(h).
-2
Let u(d) = -d**3 + 5*d**2 + d + 5. Let n = -36 + 70. Let s(z) = z**3 - 6*z**2 - 10. Let q be s(7). Let h = q - n. Give u(h).
10
Let h(q) = 40*q**2 + 3*q + 1. Let d(m) = -63*m**2 - 4*m - 1. Let r(j) = -5*d(j) - 8*h(j). Determine r(-2).
-15
Let v(o) = -o**2 - 3*o - 6. Let t be 156/3*(-2)/(1*-4). Let z = -30 + t. What is v(z)?
-10
Suppose -175 = -4*p - 3*p. Let w = -36 + p. Let x = w + 8. Let k(v) = v + 1. Calculate k(x).
-2
Suppose 2*t + 16 = 6*t. Suppose 0 = i + t*d - 23, d - 2*d + 11 = i. Let b(k) = -k**2 + 9*k - 4. Determine b(i).
10
Suppose -3*r - 2*m + 12 = 2*r, 5*r + 3*m = 8. Suppose 30 = -r*h - 2*h. Let f(q) = 2*q + 6. Determine f(h).
-4
Let t(a) = -a**2 + 5*a - 2. Suppose 0 = -4*w - 4, -5 = 5*o + w + 6. Suppose 0*u = 5*u - 35. Let f = u + o. What is t(f)?
-2
Let x(k) = -k**2 + 4*k - 4. Suppose -2*f = -2*w, w + 0*w + 1 = 0. Let p = -1 + f. Let v = p + 5. Give x(v).
-1
Let a(o) be the third derivative of -o**5/60 + o**4/6 - 7*o**3/6 + 353*o**2. Let y = -2 - -7. What is a(y)?
-12
Let i = -253 + 253. Let y(k) = -k + 19. Calculate y(i).
19
Let r be 6/((-10)/(160/(-24))). Let q(k) = k**2 - 6*k + 8. What is q(r)?
0
Suppose -q - 2*q + 54 = -5*o, -3*o - 61 = -4*q. Let n(c) = c**2 - 13*c + 4. Let b be n(q). Suppose -4*m = b*j, j - 5*j = m. Let w(h) = h**2 + h - 7. Give w(m).
-7
Let m(h) = -5*h**3 + 4*h**2 + 3*h - 4. Let g(z) = 11*z**3 - 8*z**2 - 6*z + 8. Let w(p) = 4*g(p) + 9*m(p). Let s = 8534 + -8530. Calculate w(s).
8
Let g(h) = h**2 - 15*h - 6. Let q be g(17). Let i = -23 + q. Let b(c) = c**2 - 6*c + 3. Let v(s) = -s**2 + 6*s - 4. Let u(n) = 3*b(n) + 4*v(n). Calculate u(i).
-2
Let d(n) = 2 + 2*n - 4*n + 4*n - 3*n. Let g be 1 - (-6 + (-18)/(-6)). What is d(g)?
-2
Let l be -1 + 0 - (0 - 6). Suppose 0 = 5*x + l + 20. Let z(i) be the first derivative of i**2 - 2*i - 32. Give z(x).
-12
Let x(n) = -4 - 13*n + 9 + 4*n - 5 + 2 + n**2. Determine x(9).
2
Let p(q) be the first derivative of q**2 + 5*q + 1. Let b = -266 - -405. Let a = -134 + b. Calculate p(a).
15
Let k(y) = -1 - 1 + 6 - 2*y + 3*y. Suppose 14*x = 54*x + 160. Give k(x).
0
Suppose 0 = 2*n + 3*n - 10. Let v(t) = -3*t + t**2 - 6*t + 7 + 0*t**n + 6*t. Calculate v(5).
17
Let i(a) = -a**3 + 10*a**2 - 8*a - 4. Suppose -45 = 4*u - 9*u. Give i(u).
5
Let j(b) = -1. Let k(i) = -i**2 - 5*i + 6. Let f(s) = -5*j(s) - k(s). Let m(g) = 2*g - 13. Let z be m(4). Give f(z).
-1
Let j be 18/21 + 104/91. Let b(u) = u**2 - 4*u + 1. Calculate b(j).
-3
Suppose -3*a - 3*w = 10 - 4, -2*a - w - 7 = 0. Let h = 8 + a. Let x(z) = -z**2 + 3*z - 4. Calculate x(h).
-4
Let p(c) = 3*c**2 + c - 1. Suppose -f + 0*f + 2 = 0. Let y(o) = o**2 - 3*o**f - 2*o**2. Let d(h) = -3*p(h) - 2*y(h). Give d(2).
-7
Let y(l) = -l - 8. Suppose -3*n + n + c - 88 = 0, -4*c - 16 = 0. Let u = n - -37. Give y(u).
1
Suppose v - g - 76 = -4*v, 2*v - 2*g - 32 = 0. Let c be (7/(-3))/((-5)/v). Let r(y) be the third derivative of y**5/60 - 7*y**4/24 - 12*y**2. Determine r(c).
0
Let j(s) be the second derivative of -s**4/4 + s**3/3 + 3*s**2/2 + s. Let t(h) = -h**2 - 106*h - 2522. Let i be t(-70). Give j(i).
-13
Suppose -14 = 3*a - 5. Suppose 4*n - 14 = p - 2*p, 0 = -2*p - 2*n + 16. Let h(b) = -4*b + 8*b - p*b - 1. Give h(a).
5
Let x(u) be the third derivative of -u**4/6 + u**3 + 154*u**2. Give x(-2).
14
Let x(w) = w**2 - 8*w + 5. Let v(g) = -2*g**2 + 17*g - 11. Let y(d) = -6*v(d) - 13*x(d). Suppose -4*r + 4*j + 24 = 0, -4*r + 5 = j - 9. Calculate y(r).
-7
Let g(v) = 4*v - 5*v - 703 + 696. Calculate g(-4).
-3
Let a(x) = -4*x**3 - 11*x**2 + 7*x - 2. Let q(p) = -p**3 - p**2 + 2*p - 1. Let g(c) = -a(c) + 5*q(c). Calculate g(6).
15
Let i(x) = x - 5. Let m be 7 - ((18 - 7) + 3). What is i(m)?
-12
Let t(f) = f**2 + 31*f + 130. Let m be t(-26). Let o(r) = r**2 - 2*r - 2. Give o(m).
-2
Let z be 3 + -2 - 7/1. Let i(r) = -r**2 - 4*r + 3. What is i(z)?
-9
Let l(k) = -k**2 + 4*k. Suppose -4*n - 12 = -5*x + 4*x, 5*n + 10 = 0. Suppose 0*q = x*q - 80. Suppose -q = 4*f - 9*f. Calculate l(f).
0
Let x(a) = 7*a**2 - 1. Let d be -3 + 15 + 1 + -12. Give x(d).
6
Suppose l = 5*d + 3*l - 18, 0 = 5*d - 2*l - 2. Suppose -d + 3 = u. Let c(h) = -1 + u - 9*h - h. What is c(1)?
-10
Let i(u) be the first derivative of -u**3/3 + 2*u**2 + 3*u - 45. Determine i(6).
-9
Let w(n) be the first derivative of n**5/120 - n**4/24 + 2*n**3/3 - 8. Let y(p) be the third derivative of w(p). Let b be -8 - (1 - 4/1). Give y(b).
-6
Let l(m) = -9*m - 112. Let p be l(-13). Let i(x) = -x**3 + 3*x**2 - x + 4. Determine i(p).
-51
Let y(l) = l**3 + 4*l**2 - 5*l + 7. Suppose 3*a + 4*d + 11 = -23, -a - 14 = 2*d. What is y(a)?
-35
Let v(r) = r**2 + 4*r + 2. Let s = 67 - 71. Let i(y) = -y - 9. Let w be i(s). What is v(w)?
7
Let q(z) be the second derivative of -2*z**5/5 - z**3/3 - z**2/2 + 84*z. What is q(-1)?
9
Let q be (6/(-15))/((-2)/(-10)). Let h(z) = -z**3 + 4*z**2 - 3*z - 2. Let t(j) = -j**2 + j. Let v(a) = h(a) + 2*t(a). Give v(q).
16
Suppose 17*b - 12*b = 0. Let m(l) = 3 + l**2 - l**3 + b*l**2 + 5*l**2. Let d = 0 - -6. Give m(d).
3
Let x(l) = -4*l + 13. Let q(j) = j - 4. Let z(k) = -7*q(k) - 2*x(k). Let r = 440 - 434. Determine z(r).
8
Let y(o) be the second derivative of o**5/20 - o**4/4 - 2*o**2 + o. Suppose 6*a = 22 - 4. Suppose 5 = r, 2*i - a*r + 12 - 3 = 0. Give y(i).
-4
Let z(i) = 10*i**3 - 3 - 2*i**2 - 5*i + i - 20*i**3 - 2*i**2 + 7*i**3. Let b be 7/(-2) + 3/(-2). Let j = b - -3. Give z(j).
13
Let v(t) = -t**2 + 22. Suppose 101*s + 53 + 351 = 0. Calculate v(s).
6
Let b(r) = 2*r + 5. Let g(n) = -n - 3. Let x(j) = -3*b(j) - 5*g(j). Suppose -m - 21 = -5*v, 5*v = 2*m + 20 - 3. Calculate x(v).
-5
Let y(k) = -k**3 - 2*k**2 - 6*k + 1. Let u(g) = 2*g**3 + 6*g**2 + 14*g - 3. Let x(z) = 4*u(z) + 9*y(z). Suppose h - 4*s = 14, -5*s + 1 + 7 = 3*h. What is x(h)?
9
Let r(x) = x + 4. Let u be ((-5)/(-10))/((-3)/18) + 5. Suppose u*k + 0*k + 17 = 5*f, -4*f = -4*k - 4. Calculate r(f).
9
Let c(u) = -8*u**3 - 28*u**2 - 9. Let i(g) = 23*g**3 + 79*g**2 + 27. Let h(r) = 17*c(r) + 6*i(r). What is h(0)?
9
Suppose -z = -1 - 2. Let h(u) = u**2 - 1 - 4 + 1 - z*u. Suppose x + 268 = 271. Calculate h(x).
-4
Let x(l) = -l**2 + 7*l - 7. Suppose -53*o = 3*a - 50*o - 12, -2*o - 4 = 0. Calculate x(a).
-1
Let v(b) = -b**3 - 13*b**2 + 14*b + 8. Let f be v(-14). Suppose -f*r + 5*r - 9 = 0. Let d(n) be the first derivative of n**2/2 + 2*n - 1. Give d(r).
-1
Let y(l) = -l - 1. Suppose -u = 2, -2*r + 9*u = 4*u. Let i = r + 6. Let c(n) = 3*n - 2. Let z be c(i). Determine y(z).
-2
Let q(p) = -6*p + 5*p + p**2 - 1 + 2*p**3 + 2*p**3 - 6*p**3. Let j(c) = 2*c + 5. Let u be j(-3). Calculate q(u).
3
Let z(k) = -3*k**3 - k**2 - 8*k + 7. Let d be z(1). Let a(v) = v + 13. Determine a(d).
8
Let z be 4 - 0*4/12. Let m be (0 - (z - 7)) + -1. Let c(r) = -11*r + 3. Let v(s) = 12*s - 3. Let b(g) = 7*c(g) + 6*v(g). What is b(m)?
-7
Let n(w) be the third derivative of w**5/60 - w**3/3 - w**2. Let o(y) = -2*y**2 - 12 + 42*y - 78*y + 27*y. Let g be o(-2). Determine n(g).
2
Let j(u) = -3*u + 10 - 2187*u**3 + 2188*u**3 - 6*u + 3*u**2. Determine j(-5).
5
Let v(h) be the second derivative of h**4/4 - 5*h**3/6 + h**2/2 + 2*h. Suppose 0 = 11*f + 174 - 218. What is v(f)?
29
Let g = 12 - 6. Let d(r) be the second derivative of -r**4/12 + 4*r**3/3 - 3*r**2 - 38*r + 6. Determine d(g).
6
Let p(q) = -30 + 31 - 7 - 8 - 4*q. What is p(-6)?
10
Suppose 0 = -0*w + 2*w + 2. Let a(r) = -2 + 9376*r - 9384*r + 3. What is a(w)?
9
Let v(c) = 194*c**2 + 198*c**2 - 10 + 7*c - 590*c**2 + 197*c**2. Determine v(5).
0
Let t(z) = -z**2 + 3*z + 3. Let n = 0 + 2. Suppose -n*h + 3*j + 4 = 0, h + 0*j - 2 = j. Let s be (13/(39/18))/h. Calculate t(s).
3
Let r be ((-1)/(-3))/((-1)/(-24)). Let o(t) = r - 3 + 21*t - 20*t. Determine o(8).
13
Let g(r) be the second derivative of -r**5/20 - r**4/8 - 13*r**3/6 + 12*r. Let c(j) be the second derivative of g(j). Determine c(-2).
9
Suppose 0 = 3*i - 4*i - 7. Let t(r) = 13*r**2 + r - 14. Let g(v) = -6*v**2 - v + 7. Let u(w) = -11*g(w) - 5*t(w). Calculate u(i).
0
Let w(o) = -o**2 + 16*o + 14. Let r be w(17). Let b(k) be the third derivative of -k**6/120 - k**5/60 + k**4/6 + 3*k**2. Determine b(r).
6
Let p(r) be 